h*v. What is o(0)?
3
Let n(m) be the third derivative of -m**6/120 + m**5/15 - m**4/6 + m**3/6 - 5*m**2. What is n(4)?
-15
Let h(y) = -y**2 + 6*y + 8. Let m be h(7). Let k(a) = -10*a + 10. Let u(n) = n + 2. Let q(d) = -k(d) + 5*u(d). Calculate q(m).
15
Let g be (-1 - 0)/((-2)/10). Let y(z) = 2*z**2 - z - 6. Let i(x) be the first derivative of -x**3/3 + 3*x - 8. Let p(m) = g*i(m) + 2*y(m). Determine p(-3).
0
Suppose 4*m - m - 21 = 0. Let n(h) = h**2 - 7*h - 2. Let d be n(m). Let q(j) = -j**3 - 3*j**2 + 2*j + 3. Give q(d).
-5
Let q(h) = -h**3 - 4*h**2 + 7*h - 2. Let j(m) = m**3 - 14*m**2 + 13*m - 4. Let a be j(13). Let p be 2/a + (-18)/4. What is q(p)?
-12
Let l(f) = f - 5. Let g = -10 - -16. Give l(g).
1
Let u be 4/8*10 - -2. Let d(g) = -g**3 + 8*g**2 - 7*g + 3. What is d(u)?
3
Let a(i) = -9*i - 16. Let o be a(-2). Let h(n) = 3*n**3 - n**2 - n - 1. Determine h(o).
17
Let f(c) = -4*c - 1 + 0*c + 5*c + 3. What is f(0)?
2
Let z be (1/(-2))/(4/64). Let l = z + 5. Let m(t) = t + 6. Determine m(l).
3
Suppose -s = 2*s - 3. Let d = 4 - 1. Suppose -q = 2*o - d*o - s, -4*o = -2*q + 2. Let b(c) = c - 2. Determine b(o).
-2
Let m(h) = h**3 + h**2 + 2*h + 1. Let x be 0 + 1*0/3. Suppose s - 5 = -x. Suppose 4*w - s*w = 2. Determine m(w).
-7
Let q(i) = -2 + 3*i + 11*i**2 - 12*i**2 + 5. Let l(j) = 3*j - 21. Let z be l(6). Determine q(z).
-15
Let k(r) be the first derivative of -r**3/6 - r**2/2 + r - 2. Let s(z) be the first derivative of k(z). Suppose 5*v - 3*w = -26, w + 0 - 10 = 2*v. What is s(v)?
3
Suppose 0*y - 12 = -y. Suppose -5*f - 2*b - 9 = 0, -4*b + 3 + y = -f. Let n(c) = c. Give n(f).
-3
Let t(j) = 2*j**2. Let a be t(1). Suppose 9 + 5 = -a*q + 4*u, -18 = 2*q - 5*u. Let v(r) be the second derivative of -r**4/2 + r**2/2 - 7*r. Calculate v(q).
-5
Suppose 5*w + 10 + 1 = -4*y, -3*w - 10 = -y. Let d(q) = -10*q**3 - 1. What is d(y)?
-11
Let l(h) = -h**2 + 17*h - 2. Let y be l(17). Let g(t) = t**3 - t**2 + 1. Determine g(y).
-11
Let f(t) = -t**2 + 4*t. Let g be f(5). Let a(o) = o**2 + 4*o - 4. Give a(g).
1
Suppose -d + 2 = -0. Suppose d + 4 = l. Let c(s) = l*s + s**2 + 3*s**3 - 4*s**3 + 3*s**2 - 6. Calculate c(5).
-1
Suppose -3*s - 3*h - 14 = s, 0 = 3*s - 4*h - 2. Let g(a) = -a**3 - 3*a**2 - 4*a - 3. What is g(s)?
1
Let s(m) = 2*m**3 - 2*m**2 + m - 2. Let q = -75 - -53. Let d be 16/10 + q/(-55). Determine s(d).
8
Let d(h) = 7*h**2 + 5*h - 3. Let z(o) = -4*o**2 - 3*o + 2. Suppose -2*m = 3*i - 6*m + 15, 25 = -5*i - 4*m. Let q(l) = i*z(l) - 3*d(l). Determine q(1).
-2
Let u be (-4)/3*(1 - 4). Let m(n) = -5 + 1084*n + 1088*n - 2171*n. Give m(u).
-1
Let f(t) be the first derivative of 0*t**2 + 1/4*t**4 - 5/3*t**3 + 10 - 5*t. Give f(5).
-5
Let g(z) be the second derivative of z**3/2 + z**2 - z. Let c = -7 - -19. Let j = -14 + c. Calculate g(j).
-4
Let g = -28 - -33. Let s(x) = 4*x**2 - x - 1. Let b be s(-1). Suppose g*n = b*n + 4. Let z(r) = r - 1. What is z(n)?
3
Let q(o) = -2*o + 2. Let i(u) = u. Let w be i(10). Let b = -8 + w. Calculate q(b).
-2
Let x be 6/4*1*-2. Let z = 11 - 7. Let a(s) = -3*s**2 - 7*s - 1. Let o(d) = -d**2 - 2*d. Let g(r) = z*a(r) - 11*o(r). Give g(x).
5
Let p = 1 - -1. Let x(z) = 5 - 6*z - 2 - p + 2. Determine x(2).
-9
Let a = 12 + -15. Let m(z) = z**2 + 5*z + 2. Determine m(a).
-4
Let h = 1 - -2. Let u(b) = 3*b - 1. Let y(g) = -4*g. Let x(o) = h*u(o) + 2*y(o). Give x(5).
2
Let w be 5*(-2 + (-2 - -2)). Let o be 27/(-45) + (-66)/w. Let v(z) = -z**3 + 5*z**2 + 7*z + 1. Calculate v(o).
7
Let c = 0 - -5. Let g(l) = 5 - l + c*l - l**2 - 3*l. Suppose -3*y = -3*x - 0*x + 12, 0 = 5*y - 4*x + 16. What is g(y)?
5
Let w(a) = a**2 + 3*a - 7. Let o be w(-5). Let k(q) be the second derivative of q**2/2 + 5*q. Let g(i) = i - 6. Let v(z) = 3*g(z) + 15*k(z). Give v(o).
6
Suppose 5*o = -4*g - 4 + 1, 0 = -2*o + 4*g + 10. Let d(q) = 4 + 0*q + 0 - o - q. Let r = 5 + -9. Calculate d(r).
7
Let h be ((-6)/4)/((-6)/20). Suppose h*l - 5*w + 33 = l, -29 = 2*l - 5*w. Let k(m) = -m - 2. Calculate k(l).
0
Let x(w) = 3 + 0 + 6*w + 2 - 4*w. Suppose 0 = -0*m + 5*m + 20. Give x(m).
-3
Let t(s) = 6*s + s - 17*s**2 + 16*s**2 - 7. Determine t(5).
3
Suppose -4*y + 4 = 2*b, 2*b = -b + 4*y - 34. Let k = b + 4. Let t(i) = i**2 - i + 1. What is t(k)?
7
Let h = 22 + -14. Suppose -b - 3*o - 3 + 12 = 0, 0 = -2*b + 4*o + h. Let x(t) = t**2 - 4*t + 1. Give x(b).
13
Let f(b) = -b**2 - 2*b - 2. Let d = -2 + -1. Calculate f(d).
-5
Suppose c - 10 = 4*q, 4 = 5*c - 3*c. Let o(b) = 2*b + 2. Calculate o(q).
-2
Suppose -c + 2 + 0 = 0. Let h(u) = 5*u**c - 6*u**2 + 2 - 4*u - 2 + 6. Determine h(-5).
1
Suppose 3*d - 3 - 19 = -v, -5*d + 2*v + 44 = 0. Let l(r) = r**3 - 9*r**2 + 9*r - 9. Calculate l(d).
-1
Let d(h) be the third derivative of h**5/60 - h**3/2 + h**2. Let c(l) = 2*l + 2. Let p be c(-1). Suppose u + 0*u - 3 = p. Give d(u).
6
Let k = 6 - 5. Let c(u) = 3*u - 1. Let a be c(k). Let o(z) = -3*z**2 + 1 - z**a - z**2. Calculate o(1).
-4
Let z(r) = 10*r**3 + r**2 - 1. Let l be (-3)/(-5) + 17/5. Suppose -2*h + 5*h + 3*m - 9 = 0, 0 = l*h + 2*m - 4. What is z(h)?
-10
Let b(a) be the third derivative of -a**6/120 - a**5/30 + a**4/24 - 2*a**3/3 + 12*a**2. Calculate b(-3).
2
Let d(m) = 1. Let j(c) = -2*c + 1. Let g(w) = 2*d(w) - j(w). Suppose 7*k + 24 = 15*k. Determine g(k).
7
Let w(x) = -8*x - 1. Let y be 4*-1*(-12)/(-16). Let j(t) = 25*t + 3. Let g(i) = y*j(i) - 8*w(i). Give g(1).
-12
Let o(g) = 4*g + 6. Let u be (-4 - -8)/(0 - 1). Determine o(u).
-10
Let m = 18 + -11. Let q(x) = -x**2 + 8*x - 4. Let i be q(m). Let o(s) = 2*s + 3 - s**2 - s - 1 + s. What is o(i)?
-1
Let i(q) = -6*q + 4. Let n(g) = -g + 1. Let a(f) = 5*f - 5. Let o(y) = -6*a(y) - 25*n(y). Let k(h) = 6*i(h) - 5*o(h). Give k(-1).
10
Let p(r) = r + 3 - 1 - 2*r. Give p(5).
-3
Let h(z) be the third derivative of z**5/20 + z**3/6 - z**2. Let i be h(-1). Let p(c) be the second derivative of -c**4/12 + c**3/6 + 2*c**2 + c. Give p(i).
-8
Let b(c) = -c**3 + 2*c**2 - 2*c - 6. Let w(f) = -2*f**3 + 3*f**2 - 5*f - 13. Let p(q) = -5*b(q) + 2*w(q). Determine p(4).
4
Let s(c) be the first derivative of 7*c**2 + 5*c + 5. Let x(t) = -5*t - 2. Let p(h) = -3*s(h) - 8*x(h). Determine p(-1).
3
Let h(i) = i + 4. Let m be h(0). Let d = 1 + m. Let n(o) = 6*o + 8*o - o**2 - 8*o - 2. Calculate n(d).
3
Suppose -20 = -f - 3*f. Let q(v) = v**2 - 7*v. Give q(f).
-10
Let t = -11 + 7. Let g(l) be the first derivative of l**3/3 + 2*l**2 + l + 3. Give g(t).
1
Let m(q) be the third derivative of -q**6/120 + q**5/20 + q**3/6 + 8*q**2. What is m(3)?
1
Let y(h) be the second derivative of h**5/15 - h**4/8 - 3*h**2 - 5*h. Let b(r) be the first derivative of y(r). Determine b(2).
10
Let u(b) = -b**2 - 6*b - 2. Let w = 0 - -5. Let m = 0 + w. Suppose r - m = 2*r. What is u(r)?
3
Suppose -3*p - p + 18 = -2*k, 4*p + 3*k - 13 = 0. Let x(s) = 2*s**2 - 2*s - 5. Determine x(p).
19
Let f(g) = -13*g + 10. Let a(s) = 51*s - 39. Let i(h) = 4*a(h) + 15*f(h). Let q(x) = -9*x + 5. Let r(u) = 4*i(u) + 5*q(u). Give r(1).
-8
Let t(n) be the second derivative of 5*n**3/3 + n**2 + 27*n. What is t(2)?
22
Let v(l) be the second derivative of -l**3/6 + l**2 - l. Suppose 3*f - 4 = 2. Suppose 0 = p + f*p + 15. Calculate v(p).
7
Let s be (-2 + 2)*6/12. Let h(y) = 3 - 4 - 1 + s - y. What is h(-4)?
2
Let c(o) = -5*o**2 + o + 2. Let j be c(-1). Let a(i) = 3*i + 1. Calculate a(j).
-11
Let t(i) = -10*i**2 + i. Let h(j) be the second derivative of j**4/12 - 2*j**3/3 + j**2/2 - 2*j. Let c be h(4). Give t(c).
-9
Let i(h) = h**2 - 6*h - 1. Let c(j) = -9*j + 6. Let w be c(0). What is i(w)?
-1
Let x(r) = -r**2 + 4*r - 2. Suppose -4*l - 20 = 2*o - 3*o, 5*l = -o - 16. Give x(o).
-2
Let z(n) = -12*n**2 - 4*n. Let c(p) = p**2 - p. Let u(i) = -3*c(i) + z(i). Determine u(-1).
-14
Let a(w) be the first derivative of -9*w**2/2 + w + 29. Calculate a(-1).
10
Let n(s) = -4*s**2 + 5*s - 9 + 2*s - 3*s**2 + s**3. Calculate n(6).
-3
Let l(b) be the second derivative of -b**4/24 + b**3/3 - b**2 - 2*b. Let v(k) be the first derivative of l(k). Calculate v(0).
2
Let b be 1/5 - (-9)/5. Suppose -b*z + 0 = -2. Let k(f) = -6*f + 1. Determine k(z).
-5
Suppose 2*a + 2*a = 0. Let r(m) = m. Let q(o) = -2*o + 7. Let z(x) = q(x) - 3*r(x). Let h(c) = 11*c - 15. Let p(k) = -6*h(k) - 13*z(k). Calculate p(a).
-1
Suppose 0 = -4*k + 3 + 1. Let